actors of 865?
5, 173
What are the prime factors of 12778?
2, 6389
What are the prime factors of 8863?
8863
What are the prime factors of 83808?
2, 3, 97
List the prime factors of 2042.
2, 1021
List the prime factors of 932.
2, 233
What are the prime factors of 240?
2, 3, 5
List the prime factors of 13489.
7, 41, 47
List the prime factors of 43877.
17, 29, 89
What are the prime factors of 174?
2, 3, 29
List the prime factors of 42569.
42569
What are the prime factors of 151657?
11, 17, 811
List the prime factors of 80615.
5, 23, 701
What are the prime factors of 21241?
11, 1931
List the prime factors of 5570.
2, 5, 557
What are the prime factors of 4756?
2, 29, 41
List the prime factors of 1161.
3, 43
What are the prime factors of 61076?
2, 15269
What are the prime factors of 2730?
2, 3, 5, 7, 13
List the prime factors of 1461.
3, 487
What are the prime factors of 2437?
2437
What are the prime factors of 800?
2, 5
What are the prime factors of 737?
11, 67
What are the prime factors of 25230?
2, 3, 5, 29
What are the prime factors of 987?
3, 7, 47
What are the prime factors of 10942?
2, 5471
List the prime factors of 36558.
2, 3, 677
What are the prime factors of 165?
3, 5, 11
What are the prime factors of 29?
29
What are the prime factors of 414?
2, 3, 23
What are the prime factors of 18273?
3, 6091
What are the prime factors of 46613?
7, 6659
List the prime factors of 14659.
107, 137
What are the prime factors of 64580?
2, 5, 3229
What are the prime factors of 9236?
2, 2309
What are the prime factors of 67?
67
List the prime factors of 35702.
2, 17851
List the prime factors of 1432.
2, 179
List the prime factors of 919.
919
What are the prime factors of 109827?
3, 12203
List the prime factors of 2036.
2, 509
What are the prime factors of 31751?
31751
What are the prime factors of 766?
2, 383
What are the prime factors of 22058?
2, 41, 269
List the prime factors of 2344.
2, 293
What are the prime factors of 1590?
2, 3, 5, 53
What are the prime factors of 764?
2, 191
List the prime factors of 4600.
2, 5, 23
What are the prime factors of 3197?
23, 139
List the prime factors of 27994.
2, 13997
What are the prime factors of 50099?
7, 17, 421
List the prime factors of 6224.
2, 389
What are the prime factors of 5291?
11, 13, 37
What are the prime factors of 2756?
2, 13, 53
List the prime factors of 47097.
3, 5233
What are the prime factors of 66606?
2, 3, 17, 653
List the prime factors of 1011.
3, 337
What are the prime factors of 86?
2, 43
What are the prime factors of 29770?
2, 5, 13, 229
List the prime factors of 3640.
2, 5, 7, 13
List the prime factors of 141501.
3, 101, 467
What are the prime factors of 1823?
1823
List the prime factors of 6442.
2, 3221
List the prime factors of 1457.
31, 47
List the prime factors of 6779.
6779
What are the prime factors of 808?
2, 101
List the prime factors of 33883.
31, 1093
What are the prime factors of 5401?
11, 491
List the prime factors of 1355.
5, 271
List the prime factors of 67903.
11, 6173
What are the prime factors of 1144?
2, 11, 13
What are the prime factors of 14864?
2, 929
List the prime factors of 43714.
2, 11, 1987
What are the prime factors of 38190?
2, 3, 5, 19, 67
List the prime factors of 942.
2, 3, 157
What are the prime factors of 2658?
2, 3, 443
What are the prime factors of 2727?
3, 101
List the prime factors of 14267.
11, 1297
List the prime factors of 13055.
5, 7, 373
What are the prime factors of 89610?
2, 3, 5, 29, 103
List the prime factors of 19687.
19687
List the prime factors of 42644.
2, 7, 1523
List the prime factors of 13857.
3, 31, 149
List the prime factors of 7293.
3, 11, 13, 17
What are the prime factors of 4543?
7, 11, 59
List the prime factors of 1321.
1321
What are the prime factors of 16201?
17, 953
List the prime factors of 40915.
5, 7, 167
What are the prime factors of 5113?
5113
List the prime factors of 609.
3, 7, 29
List the prime factors of 16307.
23, 709
What are the prime factors of 2593?
2593
List the prime factors of 1896.
2, 3, 79
What are the prime factors of 2443?
7, 349
What are the prime factors of 2303?
7, 47
What are the prime factors of 6984?
2, 3, 97
What are the prime factors of 40?
2, 5
What are the prime factors of 5795?
5, 19, 61
What are the prime factors of 33639?
3, 11213
List the prime factors of 5635.
5, 7, 23
What are the prime factors of 33894?
2, 3, 7, 269
What are the prime factors of 2004?
2, 3, 167
What are the prime factors of 19755?
3, 5, 439
List the prime factors of 50585.
5, 67, 151
List the prime factors of 680.
2, 5, 17
What are the prime factors of 914?
2, 457
List the prime factors of 1725.
3, 5, 23
List the prime factors of 5169.
3, 1723
What are the prime factors of 15355?
5, 37, 83
What are the prime factors of 8730?
2, 3, 5, 97
What are the prime factors of 1671?
3, 557
List the prime factors of 68660.
2, 5, 3433
What are the prime factors of 79407?
3, 17, 173
List the prime factors of 42725.
5, 1709
What are the prime factors of 1636?
2, 409
What are the prime factors of 2732?
2, 683
List the prime factors of 5037.
3, 23, 73
What are the prime factors of 1509?
3, 503
What are the prime factors of 7944?
2, 3, 331
List the prime factors of 20308.
2, 5077
List the prime factors of 84764.
2, 21191
What are the prime factors of 9075?
3, 5, 11
List the prime factors of 818.
2, 409
What are the prime factors of 2401?
7
What are the prime factors of 1886?
2, 23, 41
List the prime factors of 12975.
3, 5, 173
List the prime factors of 30441.
3, 73, 139
List the prime factors of 14056.
2, 7, 251
What are the prime factors of 119651?
7, 17093
What are the prime factors of 1097?
1097
What are the prime factors of 686?
2, 7
List the prime factors of 2395.
5, 479
What are the prime factors of 32299?
32299
What are the prime factors of 15755?
5, 23, 137
List the prime factors of 140.
2, 5, 7
List the prime factors of 4848.
2, 3, 101
List the prime factors of 13670.
2, 5, 1367
What are the prime factors of 1618?
2, 809
What are the prime factors of 435?
3, 5, 29
What are the prime factors of 24038?
2, 7, 17, 101
List the prime factors of 117409.
137, 857
What are the prime factors of 1299?
3, 433
What are the prime factors of 1748?
2, 19, 23
List the prime factors of 6328.
2, 7, 113
What are the prime factors of 57631?
7, 8233
List the prime factors of 411.
3, 137
What are the prime factors of 52633?
7, 73, 103
What are the prime factors of 26762?
2, 13381
What are the prime factors of 983?
983
List the prime factors of 590.
2, 5, 59
List the prime factors of 28890.
2, 3, 5, 107
What are the prime factors of 2271?
3, 757
List the prime factors of 3587.
17, 211
List the prime factors of 3470.
2, 5, 347
List the prime factors of 8059.
8059
List the prime factors of 796.
2, 199
List the prime factors of 739.
739
List the prime factors of 626.
2, 313
List the prime factors of 953.
953
What are the prime factors of 743?
743
What are the prime factors of 1922?
2, 31
List the prime factors of 22939.
7, 29, 113
What are the prime factors of 532?
2, 7, 19
What are the prime factors of 75702?
2, 3, 11, 31, 37
List the prime factors of 4710.
2, 3, 5, 157
What are the prime factors of 31498?
2, 15749
What are the prime factors of 700?
2, 5, 7
List the prime factors of 9087.
3, 13, 233
List the prime factors of 23956.
2, 53, 113
List the prime factors of 1687.
7, 241
What are the prime factors of 1123?
1123
List the prime factors of 3780.
2, 3, 5, 7
What are the prime factors of 16411?
16411
List the prime factors of 2881.
43, 67
List the prime factors of 13786.
2, 61, 113
What are the prime factors of 1091?
1091
What are the prime factors of 5011?
5011
What are the prime factors of 1067?
11, 97
List the prime factors of 99983.
13, 7691
What are the prime factors of 149089?
29, 53, 97
List the prime factors of 844.
2, 211
What are the prime factors of 13149?
3, 487
List the prime factors of 26214.
2, 3, 17, 257
List the prime factors of 1595.
5, 11, 29
List the prime factors of 1801.
1801
List the prime factors of 2184.
2, 3, 7, 13
What are the prime factors of 14807?
13, 17, 67
What are the prime factors of 84069?
3, 9341
What are the prime factors of 1386?
2, 3, 7, 11
What are the prime factors of 6235?
5, 29, 43
What are the prime factors of 